lue of 4 + -2 + -23 + -38 + 40?
-19
What is (-72 - -38) + 29 + (24 - -2)?
21
Calculate (-9 - 0) + 38 + 32 + -79.
-18
What is (-1 + 7 - 6) + (-2 - -15) - -5?
18
Calculate (10 - 7 - 3) + -11.
-11
Calculate -9 - (17 - (14 - 8)) - -7.
-13
Calculate 3 - (13 + -2 - 2).
-6
What is the value of 4 + (2 - (9 + -11)) + -10?
-2
(-24 - -3) + 29 + -26
-18
What is the value of 22 + -47 + 14 + -12?
-23
What is 8 - ((14 - 12) + 39)?
-33
145 + -148 + 18 + -2
13
What is the value of 4 + -2 + -13 - (4 + 3 - 53)?
35
Calculate 1 + 0 - (-5 - -3 - -2).
1
What is -7 + 3 + -35 + 28?
-11
(-10 + -2 - (-5 - 18)) + 5
16
24 + -9 + -2 - 24
-11
(25 - 22) + (9 - 13 - (4 - 14))
9
Calculate -10 - (15 + -10 + 5 - 33).
13
Evaluate (7 + (7 + -13 - -7) - 0) + -19.
-11
What is -7 + -10 + 9 + 9?
1
(-1 + 3 - (3 - 7)) + -5 + 1
2
What is the value of 0 + -6 + 3 - 10 - (35 - 40)?
-8
Calculate -10 + 6 - ((-3 - (4 + 4)) + -4).
11
Evaluate 5 - ((11 - 10 - (-4 + -3)) + -2).
-1
Evaluate 4 - 4 - (19 - (19 + 1)) - -37.
38
0 - 2 - (-16 + 24)
-10
Evaluate -4 + (18 - 3) - (71 - 60).
0
What is the value of 7 + 36 + -12 + -10 + 0?
21
What is the value of -8 - -7 - (-6 + 0 + 12 + 14)?
-21
14 + -44 + 21 - (2 + 5)
-16
Calculate 14 + -16 + (-1 - 2) + 1 + 6.
2
-6 + 2 + (8 + -25 - 1) + 12
-10
-63 - -67 - (-1 + 1 + -1)
5
Calculate (21 + -8 - (-6 - -27)) + 33.
25
Evaluate 3 + 1 + 10 + -8 + 7.
13
(-11 - (-4 - -1) - -3) + (-270 - -260)
-15
Evaluate (12 - (-11 - -9)) + -16.
-2
Calculate 5 - (23 + -15) - (0 - 5).
2
0 + (-8 - (-1 + 1 + -6 + -1))
-1
What is -2 - 3 - (513 + -530)?
12
What is (3 - (-2 + 13)) + -3 + 21?
10
Evaluate (-9 - -2) + (2 - (-3 + 5)).
-7
Evaluate (11 - (-3 - (1 + 10))) + 1.
26
What is (13 - 24) + -3 + -10 + 11?
-13
What is the value of 5 + (-1 - -1 - 1 - (1051 - 1021))?
-26
What is (6 + -12 - 7) + 0 - 5?
-18
(-40 - -41 - (2 + 7)) + (-2 - -1)
-9
What is (20 + -13 - 12 - (5 + -2)) + 0?
-8
What is (5 - (-3 + 7 - (0 + -1))) + 5?
5
Evaluate 6 + -1 + (-6 - -1 - -3 - -1).
4
What is (-15 - -7) + 6 + -2 + -1?
-5
What is the value of 14 + 6 + -3 + 1 + -3 - 4?
11
Calculate (4 - ((-11 - -6) + 6 + 3)) + 11.
11
Calculate (-43 - (8 - 5)) + 15 + 15.
-16
Calculate (-5 - 1) + (4 - (0 - (2 - -1))).
1
What is -3 + -8 + 10 + (-24 + -1 - 3)?
-29
Calculate 24 + -1 - (25 - 6).
4
Evaluate -3 + 21 + -4 + (-4 - 0).
10
-16 + (-1 - (-24 - -4))
3
Evaluate -5 - ((21 - 55) + 22).
7
What is the value of 2 - -14 - (-2 + 4 + -5 + 6)?
13
What is (-7 - -2 - -3) + 4 + 5 + -9?
-2
What is the value of -25 + 15 + 11 - (0 - (-5 + 5))?
1
Calculate -9 + -16 + 21 + 18.
14
Evaluate (55 - 42 - 31) + 39.
21
Evaluate 1 + -8 + 0 - ((1 - 3) + -24).
19
(3 - 0 - 14) + (11 + -20 - -1)
-19
Evaluate -14 + -1 + -7 + (1 - -10).
-11
Calculate 0 + 4 + -20 - (25 - 30).
-11
26 + 8 + (-17 - 7)
10
What is -120 + 85 + 0 + (2 - -1 - 4)?
-36
(43 - 12) + -25 + 2 + -17
-9
Evaluate -12 + (4 - -1 - (28 + -23)).
-12
What is (-6 - 0) + (89 - 85)?
-2
Calculate 62 + -68 + (0 - -6) + (0 - 12).
-12
What is 95 + -75 - (3 - -26)?
-9
What is the value of 12 + 4 - (-20 + 24)?
12
Calculate -13 + 7 - (-27 + -2 + -8 + 2).
29
Calculate (-6 - (19 + -26)) + 5 + -1.
5
17 + 20 + (-14 - -8) + -13
18
Evaluate 1 - (-13 - -25) - -13.
2
What is the value of 49 - (0 - -26) - 4?
19
Calculate (20 - 32) + -3 + 9.
-6
Evaluate -12 + (5 - (12 + -6)) + 15.
2
Evaluate 8 - (-26 + 18 + 7).
9
2 + -4 - (40 + -50)
8
Calculate 27 - (-9 + (16 - 5 - -6) + -4).
23
Evaluate -10 + 29 + -13 - 7.
-1
-25 + (9 - 2) - -17
-1
-7 - (0 - (-3 + 0 - -27) - -5)
12
What is -2 - (1 - (-8 - -11)) - (5 + -22)?
17
-10 - (-1 + (8 - 11) + -11)
5
What is the value of 1 + 1 - (-14 + 11 + (11 - 3))?
-3
What is -5 + (-8 - -7) + -6?
-12
Calculate 4 - 4 - (37 + -10 - 41).
14
What is the value of -17 - ((13 - 20) + -22)?
12
What is 8 - 15 - (-38 + 9 - -7)?
15
What is the value of -2 - (-1 - 2 - (-4 + 13 + -10))?
0
What is 2 - (6 + (1 - 14 - -4))?
5
Evaluate -1 + -32 + 34 + (0 - 1 - 13).
-13
391 + -387 + (-1 - 2) + -35 + 5
-29
Calculate -10 - 4 - (-2 - 22) - 16.
-6
20 + 10 + -25 + (1 - 7)
-1
39 + (-57 + -5 - -40)
17
What is 8 + -2 + (-4 - 1 - -2) + -5?
-2
2 - -6 - (27 - 4)
-15
What is the value of 0 + -19 + (-1 - -16) + -9 - -5?
-8
What is the value of 10 - -10 - 15 - (0 + -6 - 16)?
27
Evaluate (-1 - -7) + (0 - 2 - -1) + -10.
-5
What is (-34 - -5) + (69 - 66)?
-26
What is the value of 7 + -20 + 5 + 11 - -7?
10
Evaluate -19 - (-29 - -1) - (1 + 8).
0
Calculate 5 + (1 - (-58 + 56 + 1 + 2)).
5
What is the value of -31 + -12 + 25 + 27?
9
What is -9 + (7 + -5 - -3) - 7?
-11
Evaluate (-51 - -44) + -5 + 39.
27
What is 9 + (0 - (17 - -6)) + 10?
-4
Calculate 161 - 152 - (8 - -2).
-1
What is 10 - 7 - (-12 + 18 + 3 + -5)?
-1
What is the value of -27 - ((-7 - (2 + -10)) + -12 + 10)?
-26
23 + (7 - 11) + -12
7
What is the value of 5 - -12 - 3 - (42 + -36)?
8
-6 - -6 - (-10 - (-6 + 7 + 2))
13
What is -3 + (2 - 1) - (129 + -110)?
-21
What is 7 - (2 - 1 - -2 - 5 - -6)?
3
(10 - 2) + (-60 - (16 + -33)) - -3
-32
Calculate 1 + -8 - -4 - -9 - (81 + -68).
-7
What is the value of 27 + (-5 - 6) + 2?
18
What is the value of (13 + -1 - (-63 + 71)) + -3 + 1?
2
0 + -2 + (40 - 32) - 2 - -17
21
What is -9 - ((-4 - -19) + -9)?
-15
Evaluate -1 + (3 - 6) + 2 + 3 + 16.
17
Calculate 49 + (-17 - 2) + -10.
20
What is the value of 12 + (-4 - (8 - (4 + -6)))?
-2
14 + -19 + 4 + -11
-12
Evaluate 21 + (-50 - -21 - -3).
-5
Evaluate (-27 - 17) + 5 + 35.
-4
-2 - (2 + -3) - (2 + 7 + -22)
12
What is (3192 - 3178) + -35 + 0?
-21
-3 + -13 + (5 - -10)
-1
Evaluate 13 + (8 - 6 - 19).
-4
What is the value of (0 - -1) + -2 + 17 + -4 + 0?
12
(-3 - (-4 - -3)) + -47 + 60
11
What is (-8 - -16) + -3 - -9?
14
Calculate (430 - 448) + (1 - -16).
-1
What is the value of 36 + -50 + 1 + 8 - -4?
-1
What is the value of -10 + -6 + 5 + (-5 - -8)?
-8
Evaluate 10 + -8 - (-23 + 15).
10
What is -18 + 29 + -15 + -3?
-7
Evaluate -8 - (16 + -19 + 2) - (-3 + 2).
-6
Calculate 1 + -5 + (-10 - -8) + 1 - 3.
-8
Calculate 3 + -2 + (-5 - 0) + -96 + 100.
0
What is the value of 74 + -38 + -41 + -9?
-14
What is 5 + 4 + 1 - (-2 + 11)?
1
What is 6 + (-37 - -25) - -20?
14
What is the value of (4 - (0 - -25)) + (-2 - -1 - -1)?
-21
Calculate 3 - (-7 + (11 - -1) - (-2 - 4)).
-8
(16 - 1) + -35 + 25 + -9
-4
What is -1 - 0 - (-3 - (-4 + -3) - 11)?
6
Calculate 948 + -937 + (11 - -2).
24
Calculate -17 - (-19 + 6) - (-2 + (3 - -3)).
-8
What is the value of (5 - 4) + 17 + -10?
8
-2 + 5 + -10 - (-27 + 9 + 4)
7
What is the value of -12 - (-4 + 27 + -15 + -13)?
-7
Evaluate 8 - (12 - 5) - -9.
10
Evaluate 12 + ((-5 - 14) + 33 - 14).
12
-8 + 14 + 28 + -35
-1
What is the value of -19 + 5 + -6 + (1 - -1)?
-18
-999 + 982 - (2 - 29)
10
(-15 - 3) + (7 - -7)
-4
Evaluate (-6 - -12) + -5 + (-2 - 2).
-3
What is the value of (47 - 87 - -43) + (-9 - -2)?
-4
What is -26 - -2 - -2 - (12 + -35 + 18)?
-17
What is the value of -4 - ((3 - (6 + -6)) + 4 - 0)?
-11
Calculate -37 - (-12 - (-25 + 27)).
-23
Calculate -3 + 1 + 0 - (-9 - -14).
-7
-6 + (-3 - -12 - 8) + 5
0
Evaluate 27 + (-30 - -11) + -32.
-24
What is -3 + -1 + (-1 - -18) + 235 + -234?
14
What is 6 + (22 + -20 - 1)?
7
(-2 + (4 - (-8 - -3)) - 5) + 4
6
What is the value of 5 + -4 + 4 + 16 + -4?
17
Calculate (0 - -10 - 10 - -13) + -3.
10
5 - (-10 - -4 - -5) - 14
-8
Calculate -3 - (-1 + (8 - (-1 - -5)) + 2).
-8
4 + (9 - -3) + (3 - -2)
21
Calculate -229 + 212 - (-24 + -2).
9
Evaluate -6 - (0 + (2 - 2) - -1).
-7
What is the value of -11 - (2 + (-3 - 12))?
2
Evaluate 9 - (4 - -1 - (-92 + 100)).
12
What is -19 + 7 - (-2 - (18 + -5))?
3
Evaluate -31 - (-35 + 0 - -12).
-8
11 + (-4 - 9) + -14
-16
Evaluate -25 + 37 - (7 + 0).
5
22 + -38 + 5 + 42
31
Calculate 5 + 6 + 2 + -15 + 6 + -9.
-5
Calculate -2 + -1 + 0 + (-13 - (-2 + -13)).
-1
What is the value of -10 + (-2 - -5) + -18 + 8?
-17
Evaluate 1 + -13 - -10 - (-2 + -5 + 3).
2
Evaluate 12 + 0 + 23 + -13 + (-3 - 7).
12
Evaluate -1 - (1 - 2) - (3 + -7 + -2).
6
Calculate -2 + (5 - 9 - -6) - (-27 + 4).
23
What is -14 + -6 - (76 + -83)?
-13
What is (8 - -1 - (-715 - -728)) + (40 - -1)?
37
What is -1 + 1 - ((8 - 0) + (-3 - 1))?
-4
What is the value of -13 + -3 + 17 + -24 + -1 + 3?
-21
What is -3 + 5 - (-26 - -30 - 0) - 12?
-14
(-3 - -3) + (9 - -2)
11
What is the value of (-21 - -27) + (1 + 1 - 4) + -2?
2
Calculate -18 + (14 - 24) + 15 + -4 + 0.
-17
What is -2